{"id":459,"date":"2018-12-15T13:16:05","date_gmt":"2018-12-15T13:16:05","guid":{"rendered":"https:\/\/www.budokan-zwickau.de\/?page_id=459"},"modified":"2018-12-30T11:03:27","modified_gmt":"2018-12-30T11:03:27","slug":"der-verein","status":"publish","type":"page","link":"https:\/\/www.budokan-zwickau.de\/index.php\/der-verein\/","title":{"rendered":"Der Verein"},"content":{"rendered":"\t\t<div data-elementor-type=\"wp-post\" data-elementor-id=\"459\" class=\"elementor elementor-459 elementor-bc-flex-widget\">\n\t\t\t\t\t\t<section class=\"elementor-section elementor-top-section elementor-element elementor-element-73a8c1a2 elementor-section-boxed elementor-section-height-default elementor-section-height-default\" data-id=\"73a8c1a2\" data-element_type=\"section\" data-e-type=\"section\">\n\t\t\t\t\t\t<div class=\"elementor-container elementor-column-gap-default\">\n\t\t\t\t\t<div class=\"elementor-column elementor-col-100 elementor-top-column elementor-element elementor-element-77fd8b4d\" data-id=\"77fd8b4d\" data-element_type=\"column\" data-e-type=\"column\">\n\t\t\t<div class=\"elementor-widget-wrap elementor-element-populated\">\n\t\t\t\t\t\t<div class=\"elementor-element elementor-element-c23842f elementor-widget elementor-widget-spacer\" data-id=\"c23842f\" data-element_type=\"widget\" data-e-type=\"widget\" data-widget_type=\"spacer.default\">\n\t\t\t\t<div class=\"elementor-widget-container\">\n\t\t\t\t\t\t\t<div class=\"elementor-spacer\">\n\t\t\t<div class=\"elementor-spacer-inner\"><\/div>\n\t\t<\/div>\n\t\t\t\t\t\t<\/div>\n\t\t\t\t<\/div>\n\t\t\t\t<div class=\"elementor-element elementor-element-e1ec96e elementor-widget elementor-widget-spacer\" data-id=\"e1ec96e\" data-element_type=\"widget\" data-e-type=\"widget\" data-widget_type=\"spacer.default\">\n\t\t\t\t<div class=\"elementor-widget-container\">\n\t\t\t\t\t\t\t<div class=\"elementor-spacer\">\n\t\t\t<div class=\"elementor-spacer-inner\"><\/div>\n\t\t<\/div>\n\t\t\t\t\t\t<\/div>\n\t\t\t\t<\/div>\n\t\t\t\t\t<\/div>\n\t\t<\/div>\n\t\t\t\t\t<\/div>\n\t\t<\/section>\n\t\t\t\t<section class=\"elementor-section elementor-top-section elementor-element elementor-element-1be0ff15 elementor-section-full_width elementor-section-height-default elementor-section-height-default\" data-id=\"1be0ff15\" data-element_type=\"section\" data-e-type=\"section\" data-settings=\"{&quot;background_background&quot;:&quot;classic&quot;}\">\n\t\t\t\t\t\t<div class=\"elementor-container elementor-column-gap-default\">\n\t\t\t\t\t<div class=\"elementor-column elementor-col-100 elementor-top-column elementor-element elementor-element-30ee652d\" data-id=\"30ee652d\" data-element_type=\"column\" data-e-type=\"column\">\n\t\t\t<div class=\"elementor-widget-wrap\">\n\t\t\t\t\t\t\t<\/div>\n\t\t<\/div>\n\t\t\t\t\t<\/div>\n\t\t<\/section>\n\t\t\t\t<section class=\"elementor-section elementor-top-section elementor-element elementor-element-38e3db5 elementor-section-full_width elementor-section-height-default elementor-section-height-default\" data-id=\"38e3db5\" data-element_type=\"section\" data-e-type=\"section\" data-settings=\"{&quot;background_background&quot;:&quot;classic&quot;}\">\n\t\t\t\t\t\t<div class=\"elementor-container elementor-column-gap-narrow\">\n\t\t\t\t\t<div class=\"elementor-column elementor-col-100 elementor-top-column elementor-element elementor-element-795b616\" data-id=\"795b616\" data-element_type=\"column\" data-e-type=\"column\">\n\t\t\t<div class=\"elementor-widget-wrap elementor-element-populated\">\n\t\t\t\t\t\t<div class=\"elementor-element elementor-element-44ef0607 elementor-widget elementor-widget-heading\" data-id=\"44ef0607\" data-element_type=\"widget\" data-e-type=\"widget\" data-widget_type=\"heading.default\">\n\t\t\t\t<div class=\"elementor-widget-container\">\n\t\t\t\t\t<h1 class=\"elementor-heading-title elementor-size-large\">Das sind wir - Der Budokan Zwickau e.V.<\/h1>\t\t\t\t<\/div>\n\t\t\t\t<\/div>\n\t\t\t\t<div class=\"elementor-element elementor-element-349bdeaf elementor-widget-divider--view-line elementor-widget elementor-widget-divider\" data-id=\"349bdeaf\" data-element_type=\"widget\" data-e-type=\"widget\" data-widget_type=\"divider.default\">\n\t\t\t\t<div class=\"elementor-widget-container\">\n\t\t\t\t\t\t\t<div class=\"elementor-divider\">\n\t\t\t<span class=\"elementor-divider-separator\">\n\t\t\t\t\t\t<\/span>\n\t\t<\/div>\n\t\t\t\t\t\t<\/div>\n\t\t\t\t<\/div>\n\t\t\t\t<section class=\"elementor-section elementor-inner-section elementor-element elementor-element-6750ae1 elementor-section-full_width elementor-section-content-middle elementor-section-height-default elementor-section-height-default\" data-id=\"6750ae1\" data-element_type=\"section\" data-e-type=\"section\">\n\t\t\t\t\t\t<div class=\"elementor-container elementor-column-gap-narrow\">\n\t\t\t\t\t<div class=\"elementor-column elementor-col-50 elementor-inner-column elementor-element elementor-element-cea99fb\" data-id=\"cea99fb\" data-element_type=\"column\" data-e-type=\"column\">\n\t\t\t<div class=\"elementor-widget-wrap elementor-element-populated\">\n\t\t\t\t\t\t<div class=\"elementor-element elementor-element-bb6063a elementor-widget elementor-widget-text-editor\" data-id=\"bb6063a\" data-element_type=\"widget\" data-e-type=\"widget\" data-widget_type=\"text-editor.default\">\n\t\t\t\t<div class=\"elementor-widget-container\">\n\t\t\t\t\t\t\t\t\t<p>Bereits 1982 fanden sich einige Kampfsportbegeisterte zusammen um in der damaligen Polizeischule in Zwickau (Planitz) Karate zu lernen. Da Karate zu dieser Zeit im &#8222;Osten&#8220; noch verboten war, wurde unter erheblichen Schwierigkeiten und anderem Namen, wie z.B. &#8222;Judo Selbstverteidigung&#8220; trainiert.<\/p>\n<p>Nat\u00fcrlich waren die Anf\u00e4nge bescheiden, war es doch damals kaum m\u00f6glich eine G\u00fcrtelpr\u00fcfung abzulegen oder von einem Meister des Karate unterwiesen zu werden.<\/p>\n<p>1985 zog die Trainingsgruppe um und trainierte fortan in der &#8222;P\u00e4dagogischen Hochschule&#8220; in Zwickau und wurde ein fester Bestandteil der dortigen Hochschulsportgemeinschaft.<\/p><p>Ab dem Jahr 1987 wurde das Verbot nicht mehr ganz so eng gesehen und es&nbsp;\n konnten erste Pr\u00fcfungen bei Axel Dziersk (1.Dan aus Berlin) abgelegt \nwerden.  1987 kam es dann zu ersten Kontakten nach Bayern. Und so kam es\n das Hans Armbruster, Peter Z\u00e4ch und nicht zuletzt Fritz Oblinger in \nZwickau erste Trainingslager durchf\u00fchrten. Legend\u00e4r sind dabei die \nKontakte der damaligen Staatsmacht mit den o.g. Trainern insbesondere \nmit Herrn Z\u00e4ch.<\/p>\t\t\t\t\t\t\t\t<\/div>\n\t\t\t\t<\/div>\n\t\t\t\t\t<\/div>\n\t\t<\/div>\n\t\t\t\t<div class=\"elementor-column elementor-col-50 elementor-inner-column elementor-element elementor-element-a4fcd75\" data-id=\"a4fcd75\" data-element_type=\"column\" data-e-type=\"column\">\n\t\t\t<div class=\"elementor-widget-wrap elementor-element-populated\">\n\t\t\t\t\t\t<div class=\"elementor-element elementor-element-1204aa9 elementor-widget elementor-widget-text-editor\" data-id=\"1204aa9\" data-element_type=\"widget\" data-e-type=\"widget\" data-widget_type=\"text-editor.default\">\n\t\t\t\t<div class=\"elementor-widget-container\">\n\t\t\t\t\t\t\t\t\t<p>1994 beschlossen wir aus dem inzwischen in &#8222;Akademischer Sportverein Zwickau&#8220; umbenannten Hauptverein auszutreten und gr\u00fcndeten den Verein &#8222;Budokan Zwickau e.V.&#8220;.<\/p><p>Nachdem im Fr\u00fchjahr des Jahres 2004 unser bisheriger Vereinsvorsitzender Mario Krombholz, den wir hiermit nochmals f\u00fcr seinen gro\u00dfen Einsatz f\u00fcr den Verein danken wollen, aus gesundheitlichen Gr\u00fcnden seinen R\u00fccktritt erkl\u00e4rte, wurde Ronald Mattutat als neuer Vereinsvorsitzender gew\u00e4hlt.<\/p><p>Zur Zeit gibt es cirka 60 aktive Mitglieder im Verein, welche auf vier Trainingsgruppen aufgeteilt sind. Damit sind wir einer der gr\u00f6\u00dften Karatevereine in Zwickau.<\/p><p>Schwerpunkt unseres Trainings ist traditionelles Shotokan-Karate, welches wir f\u00fcr alle Altersklassen anbieten. Ein besonderer Schwerpunkt dabei ist neben den Gesundheits f\u00f6rdernden Aspekten des Karate vor allem die Selbstverteidigung.<\/p><p>F\u00fcr das Jahr 2007\/2008 planen wir, nach l\u00e4ngerer Wettkampabstinenz, den Aufbau eines Wettkampfkaders im Kinder- und Jugendbereich.<\/p><p>Da die Entwicklung der Altersstruktur in Deutschland auch vor uns nicht halt macht, planen wir unser Angebot speziell f\u00fcr &#8222;\u00e4ltere&#8220; Interessierte zu erweitern. Hier sei nur das Thema Jukoren genannt.<\/p>\t\t\t\t\t\t\t\t<\/div>\n\t\t\t\t<\/div>\n\t\t\t\t\t<\/div>\n\t\t<\/div>\n\t\t\t\t\t<\/div>\n\t\t<\/section>\n\t\t\t\t<div class=\"elementor-element elementor-element-ce778a5 elementor-widget elementor-widget-text-editor\" data-id=\"ce778a5\" data-element_type=\"widget\" data-e-type=\"widget\" data-widget_type=\"text-editor.default\">\n\t\t\t\t<div class=\"elementor-widget-container\">\n\t\t\t\t\t\t\t\t\t<p>F\u00fcr alle die Interesse haben an einem Probetraining oder noch mehr erfahren wollen. Nutzt am besten unser <span style=\"color: #3366ff;\"><a style=\"color: #3366ff;\" href=\"https:\/\/karate.budokan-zwickau.de\/index.php\/home\/kontakt\/\">Kontaktformular<\/a>.<\/span><\/p>\t\t\t\t\t\t\t\t<\/div>\n\t\t\t\t<\/div>\n\t\t\t\t\t<\/div>\n\t\t<\/div>\n\t\t\t\t\t<\/div>\n\t\t<\/section>\n\t\t\t\t<\/div>\n\t\t","protected":false},"excerpt":{"rendered":"<p>Das sind wir &#8211; Der Budokan Zwickau e.V. Bereits 1982 fanden sich einige Kampfsportbegeisterte zusammen um in der damaligen Polizeischule in Zwickau (Planitz) Karate zu lernen. Da Karate zu dieser Zeit im &#8222;Osten&#8220; noch verboten war, wurde unter erheblichen Schwierigkeiten und anderem Namen, wie z.B. &#8222;Judo Selbstverteidigung&#8220; trainiert. Nat\u00fcrlich waren die Anf\u00e4nge bescheiden, war es [&hellip;]<\/p>\n","protected":false},"author":2,"featured_media":0,"parent":0,"menu_order":0,"comment_status":"closed","ping_status":"closed","template":"","meta":{"_acf_changed":false,"ocean_post_layout":"right-sidebar","ocean_both_sidebars_style":"","ocean_both_sidebars_content_width":0,"ocean_both_sidebars_sidebars_width":0,"ocean_sidebar":"sidebar","ocean_second_sidebar":"0","ocean_disable_margins":"on","ocean_add_body_class":"","ocean_shortcode_before_top_bar":"","ocean_shortcode_after_top_bar":"","ocean_shortcode_before_header":"","ocean_shortcode_after_header":"","ocean_has_shortcode":"","ocean_shortcode_after_title":"","ocean_shortcode_before_footer_widgets":"","ocean_shortcode_after_footer_widgets":"","ocean_shortcode_before_footer_bottom":"","ocean_shortcode_after_footer_bottom":"","ocean_display_top_bar":"on","ocean_display_header":"on","ocean_header_style":"","ocean_center_header_left_menu":"0","ocean_custom_header_template":"0","ocean_custom_logo":0,"ocean_custom_retina_logo":0,"ocean_custom_logo_max_width":0,"ocean_custom_logo_tablet_max_width":0,"ocean_custom_logo_mobile_max_width":0,"ocean_custom_logo_max_height":0,"ocean_custom_logo_tablet_max_height":0,"ocean_custom_logo_mobile_max_height":0,"ocean_header_custom_menu":"0","ocean_menu_typo_font_family":"0","ocean_menu_typo_font_subset":"","ocean_menu_typo_font_size":0,"ocean_menu_typo_font_size_tablet":0,"ocean_menu_typo_font_size_mobile":0,"ocean_menu_typo_font_size_unit":"px","ocean_menu_typo_font_weight":"","ocean_menu_typo_font_weight_tablet":"","ocean_menu_typo_font_weight_mobile":"","ocean_menu_typo_transform":"","ocean_menu_typo_transform_tablet":"","ocean_menu_typo_transform_mobile":"","ocean_menu_typo_line_height":0,"ocean_menu_typo_line_height_tablet":0,"ocean_menu_typo_line_height_mobile":0,"ocean_menu_typo_line_height_unit":"","ocean_menu_typo_spacing":0,"ocean_menu_typo_spacing_tablet":0,"ocean_menu_typo_spacing_mobile":0,"ocean_menu_typo_spacing_unit":"","ocean_menu_link_color":"","ocean_menu_link_color_hover":"","ocean_menu_link_color_active":"","ocean_menu_link_background":"","ocean_menu_link_hover_background":"","ocean_menu_link_active_background":"","ocean_menu_social_links_bg":"","ocean_menu_social_hover_links_bg":"","ocean_menu_social_links_color":"","ocean_menu_social_hover_links_color":"","ocean_disable_title":"on","ocean_disable_heading":"default","ocean_post_title":"","ocean_post_subheading":"","ocean_post_title_style":"","ocean_post_title_background_color":"","ocean_post_title_background":0,"ocean_post_title_bg_image_position":"","ocean_post_title_bg_image_attachment":"","ocean_post_title_bg_image_repeat":"","ocean_post_title_bg_image_size":"","ocean_post_title_height":0,"ocean_post_title_bg_overlay":0.5,"ocean_post_title_bg_overlay_color":"","ocean_disable_breadcrumbs":"off","ocean_breadcrumbs_color":"","ocean_breadcrumbs_separator_color":"","ocean_breadcrumbs_links_color":"","ocean_breadcrumbs_links_hover_color":"","ocean_display_footer_widgets":"default","ocean_display_footer_bottom":"default","ocean_custom_footer_template":"0","footnotes":""},"class_list":["post-459","page","type-page","status-publish","hentry","entry"],"acf":[],"jetpack_sharing_enabled":true,"_links":{"self":[{"href":"https:\/\/www.budokan-zwickau.de\/index.php\/wp-json\/wp\/v2\/pages\/459","targetHints":{"allow":["GET"]}}],"collection":[{"href":"https:\/\/www.budokan-zwickau.de\/index.php\/wp-json\/wp\/v2\/pages"}],"about":[{"href":"https:\/\/www.budokan-zwickau.de\/index.php\/wp-json\/wp\/v2\/types\/page"}],"author":[{"embeddable":true,"href":"https:\/\/www.budokan-zwickau.de\/index.php\/wp-json\/wp\/v2\/users\/2"}],"replies":[{"embeddable":true,"href":"https:\/\/www.budokan-zwickau.de\/index.php\/wp-json\/wp\/v2\/comments?post=459"}],"version-history":[{"count":13,"href":"https:\/\/www.budokan-zwickau.de\/index.php\/wp-json\/wp\/v2\/pages\/459\/revisions"}],"predecessor-version":[{"id":2100,"href":"https:\/\/www.budokan-zwickau.de\/index.php\/wp-json\/wp\/v2\/pages\/459\/revisions\/2100"}],"wp:attachment":[{"href":"https:\/\/www.budokan-zwickau.de\/index.php\/wp-json\/wp\/v2\/media?parent=459"}],"curies":[{"name":"wp","href":"https:\/\/api.w.org\/{rel}","templated":true}]}}